 the prime factors of 1179?
3, 131
List the prime factors of 547.
547
List the prime factors of 1487.
1487
List the prime factors of 1400.
2, 5, 7
List the prime factors of 13058.
2, 6529
List the prime factors of 422.
2, 211
What are the prime factors of 38960?
2, 5, 487
List the prime factors of 8236.
2, 29, 71
List the prime factors of 2560.
2, 5
List the prime factors of 25456.
2, 37, 43
What are the prime factors of 54920?
2, 5, 1373
What are the prime factors of 523?
523
What are the prime factors of 35993?
35993
What are the prime factors of 93335?
5, 11, 1697
List the prime factors of 529.
23
List the prime factors of 7074.
2, 3, 131
List the prime factors of 31305.
3, 5, 2087
List the prime factors of 653.
653
List the prime factors of 7903.
7, 1129
List the prime factors of 4812.
2, 3, 401
What are the prime factors of 526?
2, 263
List the prime factors of 1330.
2, 5, 7, 19
What are the prime factors of 9671?
19, 509
What are the prime factors of 17204?
2, 11, 17, 23
List the prime factors of 1941.
3, 647
List the prime factors of 306.
2, 3, 17
List the prime factors of 504.
2, 3, 7
List the prime factors of 790.
2, 5, 79
List the prime factors of 95427.
3, 23, 461
What are the prime factors of 45817?
45817
List the prime factors of 1870.
2, 5, 11, 17
What are the prime factors of 3274?
2, 1637
What are the prime factors of 83?
83
What are the prime factors of 558?
2, 3, 31
What are the prime factors of 3962?
2, 7, 283
What are the prime factors of 5850?
2, 3, 5, 13
List the prime factors of 35293.
29, 1217
What are the prime factors of 49463?
49463
List the prime factors of 1806.
2, 3, 7, 43
List the prime factors of 475.
5, 19
What are the prime factors of 16572?
2, 3, 1381
List the prime factors of 15346.
2, 7673
What are the prime factors of 12928?
2, 101
List the prime factors of 966.
2, 3, 7, 23
List the prime factors of 2479.
37, 67
What are the prime factors of 7011?
3, 19, 41
List the prime factors of 157.
157
What are the prime factors of 533?
13, 41
List the prime factors of 819.
3, 7, 13
What are the prime factors of 295?
5, 59
List the prime factors of 3156.
2, 3, 263
List the prime factors of 10467.
3, 1163
What are the prime factors of 34?
2, 17
What are the prime factors of 28573?
28573
What are the prime factors of 5005?
5, 7, 11, 13
List the prime factors of 71619.
3, 23873
List the prime factors of 935.
5, 11, 17
What are the prime factors of 7301?
7, 149
What are the prime factors of 1227?
3, 409
List the prime factors of 1514.
2, 757
List the prime factors of 21512.
2, 2689
List the prime factors of 57249.
3, 6361
What are the prime factors of 8863?
8863
List the prime factors of 1836.
2, 3, 17
What are the prime factors of 1330?
2, 5, 7, 19
List the prime factors of 17838.
2, 3, 991
What are the prime factors of 7861?
7, 1123
List the prime factors of 105.
3, 5, 7
What are the prime factors of 10768?
2, 673
What are the prime factors of 5400?
2, 3, 5
List the prime factors of 6361.
6361
List the prime factors of 6891.
3, 2297
What are the prime factors of 581?
7, 83
What are the prime factors of 2933?
7, 419
What are the prime factors of 58203?
3, 29, 223
What are the prime factors of 778?
2, 389
What are the prime factors of 13069?
7, 1867
List the prime factors of 707.
7, 101
List the prime factors of 115728.
2, 3, 2411
List the prime factors of 29.
29
What are the prime factors of 4175?
5, 167
List the prime factors of 4544.
2, 71
List the prime factors of 189181.
37, 5113
What are the prime factors of 892?
2, 223
What are the prime factors of 1571?
1571
What are the prime factors of 38664?
2, 3, 179
What are the prime factors of 96118?
2, 11, 17, 257
List the prime factors of 556.
2, 139
List the prime factors of 160.
2, 5
What are the prime factors of 19080?
2, 3, 5, 53
List the prime factors of 31519.
43, 733
What are the prime factors of 8454?
2, 3, 1409
List the prime factors of 12603.
3, 4201
List the prime factors of 17265.
3, 5, 1151
What are the prime factors of 4904?
2, 613
What are the prime factors of 32?
2
List the prime factors of 12098.
2, 23, 263
List the prime factors of 89294.
2, 44647
List the prime factors of 7432.
2, 929
List the prime factors of 1409.
1409
What are the prime factors of 274?
2, 137
What are the prime factors of 106?
2, 53
List the prime factors of 15481.
113, 137
What are the prime factors of 3073?
7, 439
What are the prime factors of 1612?
2, 13, 31
What are the prime factors of 2590?
2, 5, 7, 37
What are the prime factors of 237?
3, 79
List the prime factors of 19248.
2, 3, 401
What are the prime factors of 7392?
2, 3, 7, 11
What are the prime factors of 4760?
2, 5, 7, 17
What are the prime factors of 73413?
3, 2719
List the prime factors of 4667.
13, 359
List the prime factors of 5983.
31, 193
List the prime factors of 1758.
2, 3, 293
List the prime factors of 12462.
2, 3, 31, 67
List the prime factors of 47345.
5, 17, 557
List the prime factors of 3152.
2, 197
What are the prime factors of 17077?
17077
What are the prime factors of 8947?
23, 389
List the prime factors of 1517.
37, 41
List the prime factors of 57079.
11, 5189
List the prime factors of 11204.
2, 2801
List the prime factors of 8648.
2, 23, 47
List the prime factors of 13122.
2, 3
What are the prime factors of 1007?
19, 53
What are the prime factors of 50122?
2, 19, 1319
List the prime factors of 1471.
1471
List the prime factors of 969.
3, 17, 19
List the prime factors of 4988.
2, 29, 43
List the prime factors of 24739.
11, 13, 173
List the prime factors of 11971.
11971
List the prime factors of 2792.
2, 349
What are the prime factors of 2590?
2, 5, 7, 37
What are the prime factors of 7491?
3, 11, 227
List the prime factors of 2369.
23, 103
What are the prime factors of 7198?
2, 59, 61
List the prime factors of 10174.
2, 5087
List the prime factors of 5500.
2, 5, 11
List the prime factors of 2688.
2, 3, 7
What are the prime factors of 92?
2, 23
List the prime factors of 12755.
5, 2551
List the prime factors of 74334.
2, 3, 13, 953
List the prime factors of 5656.
2, 7, 101
List the prime factors of 15302.
2, 7, 1093
What are the prime factors of 417?
3, 139
What are the prime factors of 80771?
37, 59
What are the prime factors of 2965?
5, 593
What are the prime factors of 13346?
2, 6673
What are the prime factors of 801?
3, 89
List the prime factors of 109054.
2, 11, 4957
What are the prime factors of 26837?
47, 571
List the prime factors of 801.
3, 89
List the prime factors of 943.
23, 41
List the prime factors of 29702.
2, 14851
What are the prime factors of 821?
821
List the prime factors of 7284.
2, 3, 607
List the prime factors of 70572.
2, 3, 5881
List the prime factors of 1303.
1303
What are the prime factors of 2008?
2, 251
What are the prime factors of 105521?
13, 8117
What are the prime factors of 2868?
2, 3, 239
What are the prime factors of 285?
3, 5, 19
What are the prime factors of 316?
2, 79
What are the prime factors of 23032?
2, 2879
List the prime factors of 1826.
2, 11, 83
What are the prime factors of 385?
5, 7, 11
What are the prime factors of 5439?
3, 7, 37
List the prime factors of 2137.
2137
List the prime factors of 9506.
2, 7, 97
List the prime factors of 794.
2, 397
List the prime factors of 1230.
2, 3, 5, 41
What are the prime factors of 78371?
109, 719
List the prime factors of 490.
2, 5, 7
What are the prime factors of 76?
2, 19
List the prime factors of 1290.
2, 3, 5, 43
List the prime factors of 19297.
23, 839
List the prime factors of 4260.
2, 3, 5, 71
List the prime factors of 183471.
3, 23, 2659
What are the prime factors of 50653?
37
List the prime factors of 59.
59
List the prime factors of 74034.
2, 3, 457
What are the prime factors of 24440?
2, 5, 13, 47
List the prime factors of 8261.
11, 751
List the prime factors of 1707.
3, 569
List the prime factors of 1918.
2, 7, 137
What are the prime factors of 3861?
3, 11, 13
What are the prime factors of 1474?
2, 11, 67
What are the prime factors of 601?
601
What are the prime factors of 40499?
40499
List the prime factors of 13278.
2, 3, 2213
What are the prime factors of 9851?
9851
List the prime factors of 801.
3, 89
What are the prime factors of 521?
521
What are the prime factors of 4067?
7, 83
List the prime fact